{"id":15513,"date":"2018-12-28T17:40:29","date_gmt":"2018-12-28T17:40:29","guid":{"rendered":"http:\/\/www.lakayreformas.com\/?page_id=15513"},"modified":"2025-10-03T11:27:07","modified_gmt":"2025-10-03T11:27:07","slug":"politica-de-privacidad","status":"publish","type":"page","link":"https:\/\/www.lakayreformas.com\/index.php\/politica-de-privacidad\/","title":{"rendered":"Politica de Privacidad"},"content":{"rendered":"<p>POL\u00cdTICA DE PRIVACIDAD<\/p>\n<p class=\"p1\"><span class=\"s1\">Protecci\u00f3n de datos de car\u00e1cter personal seg\u00fan la LOPD LAKAY REFORMAS, DISE\u00d1O Y CONSTRUCCI\u00d3N S.L., en aplicaci\u00f3n de la normativa vigente en materia de protecci\u00f3n de datos de car\u00e1cter personal, informa que los datos personales que se recogen a trav\u00e9s de los formularios del Sitio web: www.lakayreformas.com, se incluyen en los ficheros automatizados espec\u00edficos de usuarios de los servicios de LAKAY REFORMAS, DISE\u00d1O Y CONSTRUCCI\u00d3N S.L..<\/span><\/p>\n<p class=\"p1\"><span class=\"s1\">La recogida y tratamiento automatizado de los datos de car\u00e1cter personal tiene como finalidad el mantenimiento de la relaci\u00f3n comercial y el desempe\u00f1o de tareas de informaci\u00f3n, formaci\u00f3n, asesoramiento y otras actividades propias de LAKAY REFORMAS, DISE\u00d1O Y CONSTRUCCI\u00d3N S.L..<\/span><\/p>\n<p class=\"p1\"><span class=\"s1\">Estos datos \u00fanicamente ser\u00e1n cedidos a aquellas entidades que sean necesarias con el \u00fanico objetivo de dar cumplimiento a la finalidad anteriormente expuesta.<\/span><\/p>\n<p class=\"p1\"><span class=\"s1\">LAKAY REFORMAS, DISE\u00d1O Y CONSTRUCCI\u00d3N S.L. adopta las medidas necesarias para garantizar la seguridad, integridad y confidencialidad de los datos conforme a lo dispuesto en el Reglamento (UE) 2016\/679 del Parlamento Europeo y del Consejo, de 27 de abril de 2016, relativo a la protecci\u00f3n de las personas f\u00edsicas en lo que respecta al tratamiento de datos personales y a la libre circulaci\u00f3n de los mismos.<\/span><\/p>\n<p class=\"p1\"><span class=\"s1\">El usuario podr\u00e1 en cualquier momento ejercitar los derechos de acceso, oposici\u00f3n, rectificaci\u00f3n y cancelaci\u00f3n reconocidos en el citado Reglamento (UE). El ejercicio de estos derechos puede realizarlo el propio usuario a trav\u00e9s de email a: inf&#111;&#64;&#108;&#97;&#x6b;&#x61;&#x79;&#x72;&#x65;&#x66;&#x6f;rma&#115;&#46;&#99;&#111;&#109; o en la direcci\u00f3n: Carrera de San Jer\u00f3nimo 17, 2\u00ba Centro, 28014, Madrid (Madrid).<\/span><\/p>\n<p class=\"p1\"><span class=\"s1\">El usuario manifiesta que todos los datos facilitados por \u00e9l son ciertos y correctos, y se compromete a mantenerlos actualizados, comunicando los cambios a LAKAY REFORMAS, DISE\u00d1O Y CONSTRUCCI\u00d3N S.L..<\/span><\/p>\n<p class=\"p1\"><span class=\"s1\"><b>Finalidad del tratamiento de los datos personales:<\/b><\/span><\/p>\n<p class=\"p1\"><span class=\"s1\"><b>\u00bfCon qu\u00e9 finalidad trataremos tus datos personales?<\/b><\/span><\/p>\n<p class=\"p1\"><span class=\"s1\">En LAKAY REFORMAS, DISE\u00d1O Y CONSTRUCCI\u00d3N S.L., trataremos tus datos personales recabados a trav\u00e9s del Sitio Web: www.lakayreformas.com, con las siguientes finalidades:<\/span><\/p>\n<ol class=\"ol1\">\n<li class=\"li1\"><span class=\"s1\">En caso de contrataci\u00f3n de los bienes y servicios ofertados a trav\u00e9s de www.lakayreformas.com, para mantener la relaci\u00f3n contractual, as\u00ed como la gesti\u00f3n, administraci\u00f3n, informaci\u00f3n, prestaci\u00f3n y mejora del servicio.<\/span><\/li>\n<li class=\"li1\"><span class=\"s1\">Env\u00edo de informaci\u00f3n solicitada a trav\u00e9s de los formularios dispuestos en www.lakayreformas.com.<\/span><\/li>\n<li class=\"li1\"><span class=\"s1\">Remitir boletines (newsletters), as\u00ed como comunicaciones comerciales de promociones y\/o publicidad de LAKAY REFORMAS, DISE\u00d1O Y CONSTRUCCI\u00d3N S.L. y del sector.<\/span><\/li>\n<\/ol>\n<p class=\"p1\"><span class=\"s1\">Te recordamos que puedes oponerte al env\u00edo de comunicaciones comerciales por cualquier v\u00eda y en cualquier momento, remitiendo un correo electr\u00f3nico a la direcci\u00f3n indicada anteriormente.<\/span><\/p>\n<p class=\"p1\"><span class=\"s1\">Los campos de dichos registros son de cumplimentaci\u00f3n obligatoria, siendo imposible realizar las finalidades expresadas si no se aportan esos datos.<\/span><\/p>\n<p class=\"p1\"><span class=\"s1\"><b>\u00bfPor cu\u00e1nto tiempo se conservan los datos personales recabados?<\/b><\/span><\/p>\n<p class=\"p1\"><span class=\"s1\">Los datos personales proporcionados se conservar\u00e1n mientras se mantenga la relaci\u00f3n comercial o no solicites su supresi\u00f3n y durante el plazo por el cu\u00e1l pudieran derivarse responsabilidades legales por los servicios prestados.<\/span><\/p>\n<p class=\"p1\"><span class=\"s1\"><b>Legitimaci\u00f3n:<\/b><\/span><\/p>\n<p class=\"p1\"><span class=\"s1\">El tratamiento de tus datos se realiza con las siguientes bases jur\u00eddicas que legitiman el mismo:<\/span><\/p>\n<p class=\"p1\"><span class=\"s1\">1. La solicitud de informaci\u00f3n y\/o la contrataci\u00f3n de los servicios de LAKAY REFORMAS, DISE\u00d1O Y CONSTRUCCI\u00d3N S.L., cuyos t\u00e9rminos y condiciones se pondr\u00e1n a tu disposici\u00f3n en todo caso, de forma previa a una eventual contrataci\u00f3n.<\/span><\/p>\n<p class=\"p1\"><span class=\"s1\">2. El consentimiento libre, espec\u00edfico, informado e inequ\u00edvoco, en tanto que te informamos poniendo a tu disposici\u00f3n la presente pol\u00edtica de privacidad, que, tras la lectura de la misma, en caso de estar conforme, puedes aceptar mediante una declaraci\u00f3n o una clara acci\u00f3n afirmativa, como el marcado de una casilla dispuesta al efecto.<\/span><\/p>\n<p class=\"p1\"><span class=\"s1\">En caso de que no nos facilites tus datos o lo hagas de forma err\u00f3nea o incompleta, no podremos atender tu solicitud, resultando del todo imposible proporcionarte la informaci\u00f3n solicitada o llevar a cabo la contrataci\u00f3n de los servicios.<\/span><\/p>\n<p class=\"p1\"><span class=\"s1\"><b>Destinatarios:<\/b><\/span><\/p>\n<p class=\"p1\"><span class=\"s1\">Los datos no se comunicar\u00e1n a ning\u00fan tercero ajeno a LAKAY REFORMAS, DISE\u00d1O Y CONSTRUCCI\u00d3N S.L., salvo obligaci\u00f3n legal.<\/span><\/p>\n<p class=\"p1\"><span class=\"s1\">Como encargados de tratamiento, tenemos contratados a los siguientes proveedores de servicios, habi\u00e9ndose comprometido al cumplimiento de las disposiciones normativas, de aplicaci\u00f3n en materia de protecci\u00f3n de datos, en el momento de su contrataci\u00f3n:<\/span><\/p>\n<p class=\"p1\"><span class=\"s1\">Arsys Internet S.L.U., con domicilio en C\/ Chile n\u00ba54, 26007, Logro\u00f1o (La Rioja), Espa\u00f1a, NIF\/CIF n\u00ba B-85294916, presta servicios de registro de nombres de dominios y alojamiento de p\u00e1ginas web. Puede consultar la pol\u00edtica de privacidad y dem\u00e1s aspectos legales de la compa\u00f1\u00eda en el siguiente enlace: www.arsys.es\/legal.<\/span><\/p>\n<p class=\"p1\"><span class=\"s1\"><b>Datos recopilados por usuarios de los servicios<\/b><\/span><\/p>\n<p class=\"p1\"><span class=\"s1\">En los casos en que el usuario incluya ficheros con datos de car\u00e1cter personal en los servidores de alojamiento compartido, LAKAY REFORMAS, DISE\u00d1O Y CONSTRUCCI\u00d3N S.L. no se hace responsable del incumplimiento por parte del usuario del RGPD.<\/span><\/p>\n<p class=\"p1\"><span class=\"s1\"><b>Retenci\u00f3n de datos en conformidad a la LSSI<\/b><\/span><\/p>\n<p class=\"p1\"><span class=\"s1\">LAKAY REFORMAS, DISE\u00d1O Y CONSTRUCCI\u00d3N S.L. informa de que, como prestador de servicio de alojamiento de datos y en virtud de lo establecido en la Ley 34\/2002 de 11 de julio de Servicios de la Sociedad de la Informaci\u00f3n y de Comercio Electr\u00f3nico (LSSI), retiene por un periodo m\u00e1ximo de 12 meses la informaci\u00f3n imprescindible para identificar el origen de los datos alojados y el momento en que se inici\u00f3 la prestaci\u00f3n del servicio. La retenci\u00f3n de estos datos no afecta al secreto de las comunicaciones y s\u00f3lo podr\u00e1n ser utilizados en el marco de una investigaci\u00f3n criminal o para la salvaguardia de la seguridad p\u00fablica, poni\u00e9ndose a disposici\u00f3n de los jueces y\/o tribunales o del Ministerio que as\u00ed los requiera.<\/span><\/p>\n<p class=\"p1\"><span class=\"s1\">La comunicaci\u00f3n de datos a las Fuerzas y Cuerpos del Estado se har\u00e1 en virtud a lo dispuesto en la normativa sobre protecci\u00f3n de datos personales.<\/span><\/p>\n<p class=\"p1\"><span class=\"s1\"><b>Derechos propiedad intelectual LAKAY REFORMAS, DISE\u00d1O Y CONSTRUCCI\u00d3N S.L.<\/b><\/span><\/p>\n<p class=\"p1\"><span class=\"s1\">LAKAY REFORMAS, DISE\u00d1O Y CONSTRUCCI\u00d3N S.L. es titular de todos los derechos de autor, propiedad intelectual, industrial, \u00abknow how\u00bb y cuantos otros derechos guardan relaci\u00f3n con los contenidos del sitio web www.lakayreformas.com y los servicios ofertados en el mismo, as\u00ed como de los programas necesarios para su implementaci\u00f3n y la informaci\u00f3n relacionada.<\/span><\/p>\n<p class=\"p1\"><span class=\"s1\">No se permite la reproducci\u00f3n, publicaci\u00f3n y\/o uso no estrictamente privado de los contenidos, totales o parciales, del sitio web www.lakayreformas.com sin el consentimiento previo y por escrito.<\/span><\/p>\n<p class=\"p1\"><span class=\"s1\"><b>Propiedad intelectual del software<\/b><\/span><\/p>\n<p class=\"p1\"><span class=\"s1\">El usuario debe respetar los programas de terceros puestos a su disposici\u00f3n por LAKAY REFORMAS, DISE\u00d1O Y CONSTRUCCI\u00d3N S.L., aun siendo gratuitos y\/o de disposici\u00f3n p\u00fablica.<\/span><\/p>\n<p class=\"p1\"><span class=\"s1\">LAKAY REFORMAS, DISE\u00d1O Y CONSTRUCCI\u00d3N S.L. dispone de los derechos de explotaci\u00f3n y propiedad intelectual necesarios del software.<\/span><\/p>\n<p class=\"p1\"><span class=\"s1\">El usuario no adquiere derecho alguno o licencia por el servicio contratado, sobre el software necesario para la prestaci\u00f3n del servicio, ni tampoco sobre la informaci\u00f3n t\u00e9cnica de seguimiento del servicio, excepci\u00f3n hecha de los derechos y licencias necesarios para el cumplimiento de los servicios contratados y \u00fanicamente durante la duraci\u00f3n de los mismos.<\/span><\/p>\n<p class=\"p1\"><span class=\"s1\">Para toda actuaci\u00f3n que exceda del cumplimiento del contrato, el usuario necesitar\u00e1 autorizaci\u00f3n por escrito por parte de LAKAY REFORMAS, DISE\u00d1O Y CONSTRUCCI\u00d3N S.L. quedando prohibido al usuario acceder, modificar, visualizar la configuraci\u00f3n, estructura y ficheros de los servidores propiedad de LAKAY REFORMAS, DISE\u00d1O Y CONSTRUCCI\u00d3N S.L. asumiendo la responsabilidad civil y penal derivada de cualquier incidencia que se pudiera producir en los servidores y sistemas de seguridad como consecuencia directa de una actuaci\u00f3n negligente o maliciosa por su parte.<\/span><\/p>\n<p class=\"p1\"><span class=\"s1\"><b>Comunicaciones comerciales<\/b><\/span><\/p>\n<p class=\"p1\"><span class=\"s1\">En aplicaci\u00f3n de la LSSI. LAKAY REFORMAS, DISE\u00d1O Y CONSTRUCCI\u00d3N S.L. no enviar\u00e1 comunicaciones publicitarias o promocionales por correo electr\u00f3nico u otro medio de comunicaci\u00f3n electr\u00f3nica equivalente que previamente no hubieran sido solicitadas o expresamente autorizadas por los destinatarios de las mismas.<\/span><\/p>\n<p class=\"p1\"><span class=\"s1\">En el caso de usuarios con los que exista una relaci\u00f3n contractual previa, LAKAY REFORMAS, DISE\u00d1O Y CONSTRUCCI\u00d3N S.L. s\u00ed est\u00e1 autorizado al env\u00edo de comunicaciones comerciales referentes a productos o servicios de <a href=\"https:\/\/www.lakayreformas.com\"><span class=\"s2\">www.lakayreformas.com<\/span><\/a> que sean similares a los que inicialmente fueron objeto de contrataci\u00f3n con el cliente.<\/span><\/p>\n<p class=\"p1\"><span class=\"s1\">En todo caso, el usuario, tras acreditar su identidad, podr\u00e1 solicitar que no se le haga llegar m\u00e1s informaci\u00f3n comercial a trav\u00e9s de los canales de Atenci\u00f3n al Cliente.<\/span><\/p>\n","protected":false},"excerpt":{"rendered":"<p>POL\u00cdTICA DE PRIVACIDAD Protecci\u00f3n de datos de car\u00e1cter personal seg\u00fan la LOPD LAKAY REFORMAS, DISE\u00d1O Y CONSTRUCCI\u00d3N S.L., en aplicaci\u00f3n de la normativa vigente en materia de protecci\u00f3n de datos de car\u00e1cter personal, informa que los datos personales que se recogen a trav\u00e9s de los&#8230;<\/p>\n","protected":false},"author":1,"featured_media":0,"parent":0,"menu_order":0,"comment_status":"closed","ping_status":"closed","template":"","meta":{"footnotes":""},"class_list":["post-15513","page","type-page","status-publish","hentry"],"_links":{"self":[{"href":"https:\/\/www.lakayreformas.com\/index.php\/wp-json\/wp\/v2\/pages\/15513","targetHints":{"allow":["GET"]}}],"collection":[{"href":"https:\/\/www.lakayreformas.com\/index.php\/wp-json\/wp\/v2\/pages"}],"about":[{"href":"https:\/\/www.lakayreformas.com\/index.php\/wp-json\/wp\/v2\/types\/page"}],"author":[{"embeddable":true,"href":"https:\/\/www.lakayreformas.com\/index.php\/wp-json\/wp\/v2\/users\/1"}],"replies":[{"embeddable":true,"href":"https:\/\/www.lakayreformas.com\/index.php\/wp-json\/wp\/v2\/comments?post=15513"}],"version-history":[{"count":7,"href":"https:\/\/www.lakayreformas.com\/index.php\/wp-json\/wp\/v2\/pages\/15513\/revisions"}],"predecessor-version":[{"id":16288,"href":"https:\/\/www.lakayreformas.com\/index.php\/wp-json\/wp\/v2\/pages\/15513\/revisions\/16288"}],"wp:attachment":[{"href":"https:\/\/www.lakayreformas.com\/index.php\/wp-json\/wp\/v2\/media?parent=15513"}],"curies":[{"name":"wp","href":"https:\/\/api.w.org\/{rel}","templated":true}]}}