{"id":15481,"date":"2018-12-26T20:43:08","date_gmt":"2018-12-26T20:43:08","guid":{"rendered":"http:\/\/www.lakayreformas.com\/?page_id=15481"},"modified":"2019-08-11T18:47:17","modified_gmt":"2019-08-11T18:47:17","slug":"sobre-nosotros","status":"publish","type":"page","link":"https:\/\/www.lakayreformas.com\/index.php\/sobre-nosotros\/","title":{"rendered":"Sobre nosotros"},"content":{"rendered":"<p>[vc_row css_animation=\u00bb\u00bb row_type=\u00bbrow\u00bb use_row_as_full_screen_section=\u00bbno\u00bb type=\u00bbfull_width\u00bb angled_section=\u00bbno\u00bb text_align=\u00bbleft\u00bb background_image_as_pattern=\u00bbwithout_pattern\u00bb][vc_column css=\u00bb.vc_custom_1545857602739{margin-top: 16px !important;margin-bottom: 40px !important;}\u00bb][vc_column_text]<\/p>\n<h3>\u00cdNTEGROS Y COMPROMETIDOS<\/h3>\n<p>[\/vc_column_text][\/vc_column][\/vc_row][vc_row css_animation=\u00bb\u00bb row_type=\u00bbrow\u00bb use_row_as_full_screen_section=\u00bbno\u00bb type=\u00bbfull_width\u00bb angled_section=\u00bbno\u00bb text_align=\u00bbleft\u00bb background_image_as_pattern=\u00bbwithout_pattern\u00bb][vc_column][vc_column_text]LAKAY lo formamos arquitectos t\u00e9cnicos, ingenieros de la edificaci\u00f3n y graduado en administraci\u00f3n y direcci\u00f3n de empresas, con experiencia en proyectos y obras de distinta \u00edndole tanto nacionales como internacionales, junto a un equipo de profesionales del sector con gran experiencia y proveedores de alta calidad.<\/p>\n<p>&nbsp;<\/p>\n<p>Gracias a nuestra metodolog\u00eda de trabajo, conseguimos soluciones r\u00e1pidas y eficaces pudiendo ofrecerte un servicio de alta calidad.<\/p>\n<p>&nbsp;<\/p>\n<p>Te acompa\u00f1amos durante toda tu reforma con gran profesionalidad, desde el proyecto hasta la entrega final, cuidando el m\u00e1s m\u00ednimo detalle.[\/vc_column_text][\/vc_column][\/vc_row][vc_row css_animation=\u00bb\u00bb row_type=\u00bbrow\u00bb use_row_as_full_screen_section=\u00bbno\u00bb type=\u00bbfull_width\u00bb angled_section=\u00bbno\u00bb text_align=\u00bbleft\u00bb background_image_as_pattern=\u00bbwithout_pattern\u00bb][vc_column width=\u00bb1\/2&#8243;]<div class='q_icon_with_title tiny normal_icon center '><div class=\"icon_holder \" style=\" \"><span data-icon-type=\"normal\"   style=\"\" class=\"qode_iwt_icon_holder q_font_awsome_icon fa-lg  \"><i class=\"qode_icon_font_awesome fa  qode_iwt_icon_element\" style=\"\" ><\/i><\/span><\/div><div class=\"icon_text_holder\" style=\"\"><div class=\"icon_text_inner\" style=\"\"><h5 class=\"icon_title\" style=\"\"><\/h5><p style=''><\/p><\/div><\/div><\/div>[\/vc_column][vc_column width=\u00bb1\/2&#8243;]<div class='q_icon_with_title tiny normal_icon center '><div class=\"icon_holder \" style=\" \"><span data-icon-type=\"normal\"   style=\"\" class=\"qode_iwt_icon_holder q_font_awsome_icon fa-lg  \"><i class=\"qode_icon_font_awesome fa  qode_iwt_icon_element\" style=\"\" ><\/i><\/span><\/div><div class=\"icon_text_holder\" style=\"\"><div class=\"icon_text_inner\" style=\"\"><h5 class=\"icon_title\" style=\"\"><\/h5><p style=''><\/p><\/div><\/div><\/div>[\/vc_column][\/vc_row]<\/p>\n","protected":false},"excerpt":{"rendered":"<p>[vc_row css_animation=\u00bb\u00bb row_type=\u00bbrow\u00bb use_row_as_full_screen_section=\u00bbno\u00bb type=\u00bbfull_width\u00bb angled_section=\u00bbno\u00bb text_align=\u00bbleft\u00bb background_image_as_pattern=\u00bbwithout_pattern\u00bb][vc_column css=\u00bb.vc_custom_1545857602739{margin-top: 16px !important;margin-bottom: 40px !important;}\u00bb][vc_column_text] \u00cdNTEGROS Y COMPROMETIDOS [\/vc_column_text][\/vc_column][\/vc_row][vc_row css_animation=\u00bb\u00bb row_type=\u00bbrow\u00bb use_row_as_full_screen_section=\u00bbno\u00bb type=\u00bbfull_width\u00bb angled_section=\u00bbno\u00bb text_align=\u00bbleft\u00bb background_image_as_pattern=\u00bbwithout_pattern\u00bb][vc_column][vc_column_text]LAKAY lo formamos arquitectos t\u00e9cnicos, ingenieros de la edificaci\u00f3n y graduado en administraci\u00f3n y direcci\u00f3n de empresas, con experiencia en proyectos y&#8230;<\/p>\n","protected":false},"author":1,"featured_media":0,"parent":0,"menu_order":0,"comment_status":"closed","ping_status":"closed","template":"","meta":{"footnotes":""},"class_list":["post-15481","page","type-page","status-publish","hentry"],"_links":{"self":[{"href":"https:\/\/www.lakayreformas.com\/index.php\/wp-json\/wp\/v2\/pages\/15481","targetHints":{"allow":["GET"]}}],"collection":[{"href":"https:\/\/www.lakayreformas.com\/index.php\/wp-json\/wp\/v2\/pages"}],"about":[{"href":"https:\/\/www.lakayreformas.com\/index.php\/wp-json\/wp\/v2\/types\/page"}],"author":[{"embeddable":true,"href":"https:\/\/www.lakayreformas.com\/index.php\/wp-json\/wp\/v2\/users\/1"}],"replies":[{"embeddable":true,"href":"https:\/\/www.lakayreformas.com\/index.php\/wp-json\/wp\/v2\/comments?post=15481"}],"version-history":[{"count":12,"href":"https:\/\/www.lakayreformas.com\/index.php\/wp-json\/wp\/v2\/pages\/15481\/revisions"}],"predecessor-version":[{"id":15645,"href":"https:\/\/www.lakayreformas.com\/index.php\/wp-json\/wp\/v2\/pages\/15481\/revisions\/15645"}],"wp:attachment":[{"href":"https:\/\/www.lakayreformas.com\/index.php\/wp-json\/wp\/v2\/media?parent=15481"}],"curies":[{"name":"wp","href":"https:\/\/api.w.org\/{rel}","templated":true}]}}